{"id":139,"date":"2023-04-29T22:01:03","date_gmt":"2023-04-29T22:01:03","guid":{"rendered":"https:\/\/nyweb.blaraven2.se\/?page_id=139"},"modified":"2025-11-17T18:46:06","modified_gmt":"2025-11-17T18:46:06","slug":"fakturaadress","status":"publish","type":"page","link":"https:\/\/www.blaraven2.se\/?page_id=139","title":{"rendered":"Fakturaadress"},"content":{"rendered":"\n<p><strong>Organisationsnummer:&nbsp;<\/strong>716419-7563<\/p>\n\n\n\n<p><strong>V\u00e5r postadress \u00e4r:<\/strong><\/p>\n\n\n\n<p>Brf Bl\u00e5r\u00e4ven 2<br>NABO 2273<\/p>\n\n\n\n<p>Box 843<br>851 23 Sundsvall<\/p>\n\n\n\n<p><strong>Information om fakturor<\/strong><\/p>\n\n\n\n<p>Observera att alla fakturor m\u00e5ste ha ett \u00e4rende- &nbsp;eller referensnummer som n\u00e5gon i styrelsen kan utf\u00e4rda. Det g\u00e5r \u00e4ven att skicka fakturorna via e-post. F\u00f6r att det ska fungera korrekt \u00e4r det viktigt att f\u00f6ljande regler efterf\u00f6ljs:<\/p>\n\n\n\n<ul class=\"wp-block-list\">\n<li>E-postmeddelandet ska endast ha EN bilaga, denna skannas som EN faktura<\/li>\n\n\n\n<li>Bilagan ska vara i formatet PDF, TIFF eller PNG<\/li>\n\n\n\n<li>Bilagan f\u00e5r vara max 2 MB stor<\/li>\n\n\n\n<li>Bilagans namn f\u00e5r EJ inneh\u00e5lla bokst\u00e4verna \u00e5, \u00e4, \u00f6 samt heller inte specialtecken som apostrofer, blanktecken<\/li>\n\n\n\n<li>Information i rubriken och meddelandetexten i epostmeddelandet tas ej h\u00e4nsyn till, endast bilagan skannas och behandlas<\/li>\n\n\n\n<li>Vi rekommenderar att de av era leverant\u00f6rer som kan skickar er fakturorna via e-post.&nbsp;<\/li>\n<\/ul>\n\n\n\n<p><strong>V\u00e5r leverant\u00f6rsfakturaadress \u00e4r:<\/strong><\/p>\n\n\n\n<p>Brf Bl\u00e5r\u00e4ven 2<br>NABO 2273, FE 258<br>105 69 Stockholm<\/p>\n\n\n\n<p><strong>E-post f\u00f6r fakturor:<\/strong><\/p>\n\n\n\n<p>pax0000@privatgirot.se<\/p>\n","protected":false},"excerpt":{"rendered":"<p>Organisationsnummer:&nbsp;716419-7563 V\u00e5r postadress \u00e4r: Brf Bl\u00e5r\u00e4ven 2NABO 2273 Box 843851 23 Sundsvall Information om fakturor Observera att alla fakturor m\u00e5ste ha ett \u00e4rende- &nbsp;eller referensnummer som n\u00e5gon i styrelsen kan utf\u00e4rda. Det g\u00e5r \u00e4ven att skicka fakturorna via e-post. F\u00f6r att det ska fungera korrekt \u00e4r det viktigt att f\u00f6ljande regler efterf\u00f6ljs: V\u00e5r leverant\u00f6rsfakturaadress \u00e4r: [&hellip;]<\/p>\n","protected":false},"author":2,"featured_media":0,"parent":0,"menu_order":0,"comment_status":"closed","ping_status":"closed","template":"","meta":{"footnotes":""},"class_list":["post-139","page","type-page","status-publish","hentry"],"_links":{"self":[{"href":"https:\/\/www.blaraven2.se\/index.php?rest_route=\/wp\/v2\/pages\/139","targetHints":{"allow":["GET"]}}],"collection":[{"href":"https:\/\/www.blaraven2.se\/index.php?rest_route=\/wp\/v2\/pages"}],"about":[{"href":"https:\/\/www.blaraven2.se\/index.php?rest_route=\/wp\/v2\/types\/page"}],"author":[{"embeddable":true,"href":"https:\/\/www.blaraven2.se\/index.php?rest_route=\/wp\/v2\/users\/2"}],"replies":[{"embeddable":true,"href":"https:\/\/www.blaraven2.se\/index.php?rest_route=%2Fwp%2Fv2%2Fcomments&post=139"}],"version-history":[{"count":2,"href":"https:\/\/www.blaraven2.se\/index.php?rest_route=\/wp\/v2\/pages\/139\/revisions"}],"predecessor-version":[{"id":286,"href":"https:\/\/www.blaraven2.se\/index.php?rest_route=\/wp\/v2\/pages\/139\/revisions\/286"}],"wp:attachment":[{"href":"https:\/\/www.blaraven2.se\/index.php?rest_route=%2Fwp%2Fv2%2Fmedia&parent=139"}],"curies":[{"name":"wp","href":"https:\/\/api.w.org\/{rel}","templated":true}]}}