{"id":223,"date":"2023-09-08T18:52:16","date_gmt":"2023-09-08T18:52:16","guid":{"rendered":"https:\/\/nyweb.blaraven2.se\/?page_id=223"},"modified":"2023-09-08T18:52:16","modified_gmt":"2023-09-08T18:52:16","slug":"vision","status":"publish","type":"page","link":"https:\/\/www.blaraven2.se\/?page_id=223","title":{"rendered":"Vision"},"content":{"rendered":"\n<p>Det ansvar och de initiativ som styrelsen tar f\u00f6r f\u00f6reningen ska leda till ett f\u00f6rstklassigt boende \u00e5terspeglat i termer av komfort, trivsel, trygghet samt ansvarstagande \u00f6ver ekonomin.<\/p>\n\n\n\n<p><strong>Visionen uppfyller styrelsen genom<\/strong><\/p>\n\n\n\n<ul class=\"wp-block-list\">\n<li>att noggrant f\u00f6lja omv\u00e4rldens ekonomiska utveckling<\/li>\n\n\n\n<li>att lyssna, reflektera och sammanv\u00e4ga medlemmars intressen<\/li>\n\n\n\n<li>att vara handlingskraftig och konsekvent<\/li>\n\n\n\n<li>att regelbundet informera om v\u00e4sentliga beslut och \u00e5tg\u00e4rder<\/li>\n\n\n\n<li>att vara milj\u00f6medvetna<\/li>\n\n\n\n<li>att v\u00e4rna om v\u00e5r unika naturn\u00e4ra milj\u00f6<\/li>\n\n\n\n<li>att erbjuda platser f\u00f6r samvaro<\/li>\n<\/ul>\n","protected":false},"excerpt":{"rendered":"<p>Det ansvar och de initiativ som styrelsen tar f\u00f6r f\u00f6reningen ska leda till ett f\u00f6rstklassigt boende \u00e5terspeglat i termer av komfort, trivsel, trygghet samt ansvarstagande \u00f6ver ekonomin. Visionen uppfyller styrelsen genom<\/p>\n","protected":false},"author":2,"featured_media":0,"parent":0,"menu_order":0,"comment_status":"closed","ping_status":"closed","template":"","meta":{"footnotes":""},"class_list":["post-223","page","type-page","status-publish","hentry"],"_links":{"self":[{"href":"https:\/\/www.blaraven2.se\/index.php?rest_route=\/wp\/v2\/pages\/223","targetHints":{"allow":["GET"]}}],"collection":[{"href":"https:\/\/www.blaraven2.se\/index.php?rest_route=\/wp\/v2\/pages"}],"about":[{"href":"https:\/\/www.blaraven2.se\/index.php?rest_route=\/wp\/v2\/types\/page"}],"author":[{"embeddable":true,"href":"https:\/\/www.blaraven2.se\/index.php?rest_route=\/wp\/v2\/users\/2"}],"replies":[{"embeddable":true,"href":"https:\/\/www.blaraven2.se\/index.php?rest_route=%2Fwp%2Fv2%2Fcomments&post=223"}],"version-history":[{"count":1,"href":"https:\/\/www.blaraven2.se\/index.php?rest_route=\/wp\/v2\/pages\/223\/revisions"}],"predecessor-version":[{"id":224,"href":"https:\/\/www.blaraven2.se\/index.php?rest_route=\/wp\/v2\/pages\/223\/revisions\/224"}],"wp:attachment":[{"href":"https:\/\/www.blaraven2.se\/index.php?rest_route=%2Fwp%2Fv2%2Fmedia&parent=223"}],"curies":[{"name":"wp","href":"https:\/\/api.w.org\/{rel}","templated":true}]}}