{"id":27,"date":"2023-02-01T13:27:35","date_gmt":"2023-02-01T13:27:35","guid":{"rendered":"https:\/\/nyweb.blaraven2.se\/?page_id=27"},"modified":"2024-11-30T21:48:39","modified_gmt":"2024-11-30T21:48:39","slug":"home","status":"publish","type":"page","link":"https:\/\/www.blaraven2.se\/","title":{"rendered":"V\u00e4lkommen"},"content":{"rendered":"\n<p>Bel\u00e4get p\u00e5 N\u00e4set-h\u00f6jden i Liding\u00f6 kommun med utsikt mot Vaxholm i norr och Globen i s\u00f6der hittar ni denna trevliga bostadsr\u00e4ttsf\u00f6rening som best\u00e5r av 41 l\u00e4genheter.<\/p>\n\n\n\n<p>F\u00f6reningens tv\u00e5 hus \u00e4r ritade av professor&nbsp;<a href=\"https:\/\/sv.wikipedia.org\/wiki\/Sten_Samuelson\">Sten Samuelson<\/a>&nbsp;(1926-2002). Han har bl.a. ritat Ullevi stadion i G\u00f6teborg och flera stadshus, d\u00e4ribland Liding\u00f6 stadshus. Han var en f\u00f6retr\u00e4dare f\u00f6r svensk modernistisk efterkrigsarkitektur.<\/p>\n\n\n\n<p>Husen byggdes i mitten av 60-talet och har de senaste \u00e5ren genomg\u00e5tt omfattande renoveringar och f\u00f6rb\u00e4ttringar. F\u00f6reningen har t.ex. genomf\u00f6rt fasad- och trapphusrenoveringar, allt f\u00f6r att f\u00e5 medlemmarna, bes\u00f6kare och omgivning att trivas \u00e4n mer samt f\u00f6r att bibeh\u00e5lla och \u00f6ka livsl\u00e4ngden p\u00e5 fastigheterna.<\/p>\n\n\n\n<p>Vi finns p\u00e5 N\u00e4set-h\u00f6jden i Liding\u00f6 kommun.<\/p>\n\n\n\n<div class=\"wp-block-media-text is-stacked-on-mobile\"><figure class=\"wp-block-media-text__media\"><img loading=\"lazy\" decoding=\"async\" width=\"300\" height=\"146\" src=\"https:\/\/www.blaraven2.se\/wp-content\/uploads\/2023\/09\/skylt_vesslevagen18_281-300x146-1.jpg\" alt=\"\" class=\"wp-image-194 size-full\"\/><\/figure><div class=\"wp-block-media-text__content\">\n<p><\/p>\n<\/div><\/div>\n\n\n\n<p><strong>V\u00e4nligen, respektera att det \u00e4r parkeringsf\u00f6rbud inom hela omr\u00e5det. Anv\u00e4nd parkeringen!<\/strong><\/p>\n\n\n\n<p>Sj\u00e4lva tycker vi att det \u00e4r f\u00e5 l\u00e4gen i Stockholm som sl\u00e5r v\u00e5rt l\u00e4ge, 15 minuter fr\u00e5n Stockholm City, och samtidigt fr\u00e5n City \u2013 15 minuter till \u201dlandet\u201d och sk\u00e4rg\u00e5rdsmilj\u00f6n.<\/p>\n\n\n\n<p>Fr\u00e5n Ropstens tunnelbanestation s\u00e5 tar du dig till N\u00e4set med direktbuss p\u00e5 knappt 10 minuter.<\/p>\n\n\n\n<p>Motionssp\u00e5r, badplats, b\u00e5thamn, golfbana och Liding\u00f6vallen inom 5-10 minuters promenadavst\u00e5nd g\u00f6r det enkelt att koppla av och njuta av naturen p\u00e5 \u201dH\u00e4lsans \u00f6\u201d.<\/p>\n","protected":false},"excerpt":{"rendered":"<p>Bel\u00e4get p\u00e5 N\u00e4set-h\u00f6jden i Liding\u00f6 kommun med utsikt mot Vaxholm i norr och Globen i s\u00f6der hittar ni denna trevliga bostadsr\u00e4ttsf\u00f6rening som best\u00e5r av 41 l\u00e4genheter. F\u00f6reningens tv\u00e5 hus \u00e4r ritade av professor&nbsp;Sten Samuelson&nbsp;(1926-2002). Han har bl.a. ritat Ullevi stadion i G\u00f6teborg och flera stadshus, d\u00e4ribland Liding\u00f6 stadshus. Han var en f\u00f6retr\u00e4dare f\u00f6r svensk modernistisk [&hellip;]<\/p>\n","protected":false},"author":2,"featured_media":41,"parent":0,"menu_order":0,"comment_status":"closed","ping_status":"closed","template":"","meta":{"footnotes":""},"class_list":["post-27","page","type-page","status-publish","has-post-thumbnail","hentry"],"_links":{"self":[{"href":"https:\/\/www.blaraven2.se\/index.php?rest_route=\/wp\/v2\/pages\/27","targetHints":{"allow":["GET"]}}],"collection":[{"href":"https:\/\/www.blaraven2.se\/index.php?rest_route=\/wp\/v2\/pages"}],"about":[{"href":"https:\/\/www.blaraven2.se\/index.php?rest_route=\/wp\/v2\/types\/page"}],"author":[{"embeddable":true,"href":"https:\/\/www.blaraven2.se\/index.php?rest_route=\/wp\/v2\/users\/2"}],"replies":[{"embeddable":true,"href":"https:\/\/www.blaraven2.se\/index.php?rest_route=%2Fwp%2Fv2%2Fcomments&post=27"}],"version-history":[{"count":14,"href":"https:\/\/www.blaraven2.se\/index.php?rest_route=\/wp\/v2\/pages\/27\/revisions"}],"predecessor-version":[{"id":272,"href":"https:\/\/www.blaraven2.se\/index.php?rest_route=\/wp\/v2\/pages\/27\/revisions\/272"}],"wp:featuredmedia":[{"embeddable":true,"href":"https:\/\/www.blaraven2.se\/index.php?rest_route=\/wp\/v2\/media\/41"}],"wp:attachment":[{"href":"https:\/\/www.blaraven2.se\/index.php?rest_route=%2Fwp%2Fv2%2Fmedia&parent=27"}],"curies":[{"name":"wp","href":"https:\/\/api.w.org\/{rel}","templated":true}]}}